{"version":"1.0","provider_name":"Magan","provider_url":"https:\/\/www.magan.at\/en\/","title":"Dieses Jahr 2020 hatte es in sich - Magan","type":"rich","width":600,"height":338,"html":"<blockquote class=\"wp-embedded-content\" data-secret=\"FlBSXeo2lE\"><a href=\"https:\/\/www.magan.at\/en\/dieses-jahr-2020-hatte-es-in-sich\/\">Dieses Jahr 2020 hatte es in sich<\/a><\/blockquote><iframe sandbox=\"allow-scripts\" security=\"restricted\" src=\"https:\/\/www.magan.at\/en\/dieses-jahr-2020-hatte-es-in-sich\/embed\/#?secret=FlBSXeo2lE\" width=\"600\" height=\"338\" title=\"&#8220;Dieses Jahr 2020 hatte es in sich&#8221; &#8212; Magan\" data-secret=\"FlBSXeo2lE\" frameborder=\"0\" marginwidth=\"0\" marginheight=\"0\" scrolling=\"no\" class=\"wp-embedded-content\"><\/iframe><script>\n\/*! This file is auto-generated *\/\n!function(d,l){\"use strict\";l.querySelector&&d.addEventListener&&\"undefined\"!=typeof URL&&(d.wp=d.wp||{},d.wp.receiveEmbedMessage||(d.wp.receiveEmbedMessage=function(e){var t=e.data;if((t||t.secret||t.message||t.value)&&!\/[^a-zA-Z0-9]\/.test(t.secret)){for(var s,r,n,a=l.querySelectorAll('iframe[data-secret=\"'+t.secret+'\"]'),o=l.querySelectorAll('blockquote[data-secret=\"'+t.secret+'\"]'),c=new RegExp(\"^https?:$\",\"i\"),i=0;i<o.length;i++)o[i].style.display=\"none\";for(i=0;i<a.length;i++)s=a[i],e.source===s.contentWindow&&(s.removeAttribute(\"style\"),\"height\"===t.message?(1e3<(r=parseInt(t.value,10))?r=1e3:~~r<200&&(r=200),s.height=r):\"link\"===t.message&&(r=new URL(s.getAttribute(\"src\")),n=new URL(t.value),c.test(n.protocol))&&n.host===r.host&&l.activeElement===s&&(d.top.location.href=t.value))}},d.addEventListener(\"message\",d.wp.receiveEmbedMessage,!1),l.addEventListener(\"DOMContentLoaded\",function(){for(var e,t,s=l.querySelectorAll(\"iframe.wp-embedded-content\"),r=0;r<s.length;r++)(t=(e=s[r]).getAttribute(\"data-secret\"))||(t=Math.random().toString(36).substring(2,12),e.src+=\"#?secret=\"+t,e.setAttribute(\"data-secret\",t)),e.contentWindow.postMessage({message:\"ready\",secret:t},\"*\")},!1)))}(window,document);\n\/\/# sourceURL=https:\/\/www.magan.at\/wp-includes\/js\/wp-embed.min.js\n<\/script>\n","thumbnail_url":"https:\/\/www.magan.at\/wp-content\/uploads\/2022\/10\/A-header-768x380-1.jpeg","thumbnail_width":768,"thumbnail_height":380,"description":"Die weltweite Pandemie, Lockdown\/Lockup, der Wirtschaftseinbruch, ein Terroranschlag mitten in der Wiener Innenstadt (nur wenige hundert Meter von unserem B\u00fcro entfernt), eine wackelige Pr\u00e4sidentenwahl in Amerika. Wir sind wohl alle m\u00fcde und w\u00fcrden gerne zu unserer \u201ealten Normalit\u00e4t\u201c zur\u00fcckkehren. Ohne hier den Hobby-Epidemiologen spielen zu wollen: Ich f\u00fcrchte, das wird noch einige Zeit dauern. Und [&hellip;]"}

Die weltweite Pandemie, Lockdown/Lockup, der Wirtschaftseinbruch, ein Terroranschlag mitten in der Wiener Innenstadt (nur wenige hundert Meter von unserem Büro entfernt), eine wackelige Präsidentenwahl in Amerika. Wir sind wohl alle müde und würden gerne zu unserer „alten Normalität“ zurückkehren. Ohne hier den Hobby-Epidemiologen spielen zu wollen: Ich fürchte, das wird noch einige Zeit dauern. Und [&hellip;]
